
Let n(o) = -139*o**2 - 4*o - 4. What is n(-2)?
-552
Let c(s) = s**2 - 24*s + 101. Calculate c(17).
-18
Let l(r) = -2*r**3 + 2*r**2 + 20*r + 51. Determine l(-6).
435
Let u(j) = 3*j - 111. Give u(10).
-81
Let k(b) = -51*b - 1494. Give k(-30).
36
Let s(g) = -34*g - 441. Give s(-8).
-169
Let f(r) = 4*r**2 + 55*r - 28. What is f(-5)?
-203
Let b(d) = 2*d**3 - 94*d**2 - 75*d - 997. Determine b(48).
11
Let l(p) = -248*p - 396. Give l(-1).
-148
Let b(n) = -9*n**2 - 345*n + 224. What is b(-39)?
-10
Let v(g) = -3*g**3 - 374*g**2 + 125*g - 32. Calculate v(-125).
-32
Let s(m) = 36*m + 140. What is s(-7)?
-112
Let o(g) = -6*g**2 + 11*g + 46. Determine o(-3).
-41
Let j(h) = h**3 + 23*h**2 + 25*h - 114. Determine j(-19).
855
Let w(x) = x**3 - 13*x**2 - 5*x + 202. What is w(12)?
-2
Let f(d) = -4*d**2 - 71*d + 15. Give f(-18).
-3
Let s(b) = -18*b**3 + 144*b**2 + 5. Calculate s(8).
5
Let y(d) = d**3 + 99*d - 450. Give y(4).
10
Let x(n) = -n**2 + 9*n + 55. Calculate x(14).
-15
Let q(r) = -r**3 + 10*r**2 + 8*r - 70. Give q(10).
10
Let w(d) = -7*d**2 - 52*d + 164. Determine w(-10).
-16
Let y(r) = 3*r**2 - 76*r - 25. Determine y(31).
502
Let y(j) = j**3 + 14*j**2 - 59*j - 954. Calculate y(-13).
-18
Let j(n) = -n**3 - 136*n**2 - 903*n - 2. Give j(-129).
-2
Let o(k) = -2*k**3 + 38*k**2 + 14*k - 126. What is o(19)?
140
Let i(g) = -2*g**3 + 8*g**2 - 8*g - 16. Determine i(5).
-106
Let w(x) = -29909*x - 448633. Determine w(-15).
2
Let a(r) = -r**3 + 8*r**2 + 44*r - 296. Give a(7).
61
Let y(j) = 4*j**3 + 21*j - 66. Determine y(3).
105
Let z(w) = -88*w**2 + 3*w - 7. Calculate z(1).
-92
Let b(p) = 14*p**2 + 302*p + 166. Calculate b(-21).
-2
Let n(q) = -50*q**2 - 8402*q - 336. Give n(-168).
0
Let d(u) = -u**3 - 17*u**2 - 28*u + 261. Calculate d(-13).
-51
Let x(h) = 4*h**2 + 48*h + 5. Determine x(-12).
5
Let y(d) = -d**2 + 25*d + 152. What is y(-5)?
2
Let t(c) = -7*c + 40. Give t(-1).
47
Let o(w) = w**2 + 67*w + 1128. Calculate o(-31).
12
Let p(y) = 9*y + 138. What is p(-18)?
-24
Let u(i) = 60*i + 2537. Give u(-42).
17
Let q(u) = -9*u - 19. Give q(1).
-28
Let r(u) = u**2 - 9*u - 1101. Determine r(38).
1
Let c(t) = t**3 - 85*t**2 - 87*t + 81. Calculate c(86).
-5
Let w(l) = l**3 - 12*l**2 + 418*l + 891. What is w(-2)?
-1
Let o(q) = -16*q**2 + 88*q + 108. Determine o(7).
-60
Let b(y) = -99*y + 591. Calculate b(7).
-102
Let n(j) = 33*j**2 - 1288*j - 99. Calculate n(39).
-138
Let i(c) = -6*c**3 + c**2 - 6*c + 5. Give i(1).
-6
Let z(g) = -602*g + 25281. Give z(42).
-3
Let c(m) = -112*m - 6498. What is c(-58)?
-2
Let q(o) = 101*o + 1716. What is q(-17)?
-1
Let j(m) = -161*m - 4. What is j(1)?
-165
Let x(c) = c**2 - 652*c - 2635. What is x(-4)?
-11
Let t(s) = 11*s**2 - 77*s - 102. Determine t(8).
-14
Let b(k) = 31*k - 19. Calculate b(6).
167
Let c(h) = 91*h + 552. Determine c(-6).
6
Let m(i) = i - 5. Calculate m(-7).
-12
Let y(p) = p**2 + 9*p - 554. Determine y(-28).
-22
Let o(i) = -2*i**2 + 11*i - 104. Give o(10).
-194
Let q(n) = 2*n**3 - 3*n**2 - 12*n + 11. Give q(4).
43
Let d(v) = -11*v - 91. What is d(-5)?
-36
Let u(f) = 314*f + 12247. Give u(-39).
1
Let p(u) = -u**3 + 17*u**2 - 30*u + 9. Give p(15).
9
Let r(j) = -4*j**2 - 192*j + 1290. Give r(6).
-6
Let y(a) = 18*a - 539. Give y(25).
-89
Let f(p) = -p**3 + 51*p**2 - 595*p + 12. Determine f(33).
-21
Let t(f) = 43*f**2 + 83*f + 2. Determine t(-2).
8
Let m(l) = l**2 + 95*l + 325. Calculate m(-4).
-39
Let r(t) = -5*t**3 - 168*t**2 + 67*t - 23. Determine r(-34).
11
Let z(a) = 14*a + 726. What is z(14)?
922
Let n(u) = u**2 + 20*u + 33. What is n(-8)?
-63
Let g(z) = -z**2 + 34*z - 81. Calculate g(22).
183
Let t(d) = d**3 + 129*d**2 + 254*d - 7. What is t(-127)?
-7
Let z(y) = y**2 - 68*y - 1154. Give z(-13).
-101
Let d(q) = -2*q**3 + 14*q**2 + 69*q - 476. Calculate d(7).
7
Let z(f) = 42*f + 264. Calculate z(-6).
12
Let h(j) = 69*j + 70. Calculate h(-1).
1
Let u(c) = c**3 - 30*c**2 - 190*c - 67. Give u(36).
869
Let t(b) = 122*b + 10. Give t(-1).
-112
Let c(o) = -5*o - 120. Determine c(-10).
-70
Let c(q) = 3*q**2 + 26*q - 139. Determine c(7).
190
Let b(i) = -45*i + 178. Calculate b(5).
-47
Let m(a) = -a**3 - a**2 + 47*a + 16. Give m(-7).
-19
Let d(p) = 2*p**2 + 135*p + 71. What is d(-67)?
4
Let g(l) = -2*l**3 + 277*l**2 + 135*l + 558. Determine g(139).
2
Let y(h) = -h**3 + 8*h - 14. Give y(2).
-6
Let p(o) = -155*o + 361. Give p(3).
-104
Let j(q) = 33*q - 306. Give j(9).
-9
Let y(w) = -2*w**3 + 433*w**2 + 1545*w - 1094. Give y(220).
6
Let y(w) = -2*w**2 - 16*w - 4. What is y(-11)?
-70
Let u(a) = 2*a**3 - 27*a**2 + 2*a - 66. Calculate u(14).
158
Let w(m) = -65*m**2 - 17*m + 16. What is w(1)?
-66
Let f(o) = -767*o - 25316. Give f(-33).
-5
Let k(m) = -m**3 - 26*m**2 - 35*m - 219. Determine k(-25).
31
Let n(p) = -2*p**2 - 95*p + 466. Determine n(-52).
-2
Let l(u) = u**3 + 13*u**2 + 38*u - 39. What is l(-7)?
-11
Let b(z) = 28064*z + 140314. What is b(-5)?
-6
Let p(q) = -183*q - 1028. Give p(-5).
-113
Let i(w) = -24*w - 2579. What is i(-109)?
37
Let i(o) = o**3 - 27*o**2 + 126*o + 3. What is i(21)?
3
Let i(f) = -3*f**2 - 2485*f + 17543. Calculate i(7).
1
Let d(t) = -133*t - 4647. Calculate d(-35).
8
Let s(d) = -9*d - 87. Calculate s(8).
-159
Let x(u) = 8*u + 348. Calculate x(-43).
4
Let s(y) = -6*y**2 + 366*y - 106. What is s(61)?
-106
Let n(m) = 15*m + 467. Give n(-31).
2
Let h(n) = 5*n**2 - 443*n - 1829. Determine h(-4).
23
Let v(s) = s**2 - 45*s - 37. Give v(43).
-123
Let f(p) = p**3 - 5*p**2 - 145*p + 846. Determine f(6).
12
Let l(m) = 223*m**2 - 445*m. Determine l(2).
2
Let f(u) = 2*u - 46. Give f(-12).
-70
Let c(p) = -56*p - 7. What is c(3)?
-175
Let w(r) = -6*r**2 + 56*r - 9. What is w(8)?
55
Let t(g) = 57*g + 2276. Determine t(-40).
-4
Let t(m) = 2*m**3 + 45*m**2 + 21*m + 39. Give t(-22).
61
Let m(k) = -5*k**2 + 259*k + 68. Determine m(52).
16
Let b(g) = -1702*g + 20429. Give b(12).
5
Let c(v) = -v**3 - 129*v**2 - 623*v - 387. Calculate c(-124).
-15
Let x(n) = 4*n**2 - 284*n + 564. What is x(2)?
12
Let h(b) = 9*b + 85. Give h(-2).
67
Let a(k) = -11*k**3 - 486*k**2 - 110*k - 961. Determine a(-44).
7
Let g(f) = 14*f**2 - 2*f - 11. Determine g(1).
1
Let n(j) = 8670*j - 26013. Give n(3).
-3
Let z(n) = 478*n + 10039. Calculate z(-21).
1
Let b(j) = -14*j**3 - 5*j**2 - 24*j + 52. Give b(2).
-128
Let o(b) = b**2 + 345*b + 7400. Calculate o(-23).
-6
Let c(d) = 5*d**3 + 275*d**2 - d - 59. Determine c(-55).
-4
Let h(i) = -19*i + 198. Calculate h(12).
-30
Let j(q) = q**3 - 35*q**2 + 301*q - 40. Calculate j(15).
-25
Let k(h) = -266*h + 60. What is k(1)?
-206
Let y(x) = 4*x**3 + x**2 - 21*x - 34. What is y(-2)?
-20
Let a(v) = -v**3 + 18*v**2 + 291*v - 5242. Determine a(18).
-4
Let v(y) = 13*y - 96. Calculate v(31).
307
Let b(v) = 3370*v - 52. Determine b(0).
-52
Let f(l) = -l**3 - 35*l**2 - 255*l + 50. Determine f(-10).
100
Let i(q) = -q**3 + 10*q**2 - 9*q + 12. Determine i(4).
72
Let u(y) = y**3 + 13*y**2 - 4*y + 46. What is u(-13)?
98
Let v(y) = -y**3 - 50*y**2 + 335*y - 48. Determine v(-56).
8
Let z(n) = -119*n**2 + 6*n - 1. Give z(-1).
-126
Let f(g) = -113*g + 13. Determine f(1).
-100
Let o(n) = 2*n**3 - 3*n**2 + 18*n - 21. Calculate o(4).
131
Let x(t) = -t**3 + 7*t**2 - 129*t + 517. Determine x(4).
49
Let p(r) = 77*r + 11149. Give p(-145).
-16
Let m(i) = 2*i**3 + 134*i**2 + 124*i - 141. What is m(-66)?
387
Let t(x) = 2*x**3 + 4*x**2 - 10*x + 1. What is t(-5)?
-99
Let n(l) = l**3 - 13*l**2 + 5*l + 26. Determine n(12).
-58
Let n(p) = -25*p**3 + p**2 + 11*p - 23. Calculate n(2).
-197
Let r(z) = 2*z**2 + 47*z + 24. Determine r(-17).
-197
Let o(l) = 4*l**3 - 58*l**2 + 197*l - 5. Determine o(4).
111
Let q(b) = -228*b + 481. Give q(2).
25
Let p(a) = 5*a**2 - 860*a + 7331. Calculate p(163).
-4
Let d(m) = -19*m - 40. Give d(-5).
55
Let p(x) = -11*x**2 - 113*x - 306. Determine p(-6).
-24
Let b(f) = -f**2 - 104*f - 2258. Calculate b(-49).
437
Let v(c) = -c**3 + 11*c**2 + 2*c + 1. Give v(6).
193
Let u(o) = 9*o**2 + 97*o - 73. Determine u(-12).
59
Let r(z) = -z**3 + 19*z**2 + 22*z - 36. What is r(20)?
4
Let w(v) = -954*v - 10. Give w(0).
-10
Let g(p) = -234*p - 10064. Give g(-43).
-2
Let v(j) = -11*j**3 - 47*j**2 - 74*j - 263. Calculate v(-4).
-15
Let g(c) = -155*c - 285. Calculate g(-2).
25
Let f(p) = -37333*p - 597321. Calculate f(-16).
7
Let p(g) = 2*